{"id":98,"date":"2025-03-10T10:41:22","date_gmt":"2025-03-10T10:41:22","guid":{"rendered":"https:\/\/www.clinicairibarren.es\/?page_id=98"},"modified":"2025-03-26T18:29:26","modified_gmt":"2025-03-26T18:29:26","slug":"aviso-legal","status":"publish","type":"page","link":"https:\/\/www.clinicairibarren.es\/index.php\/aviso-legal\/","title":{"rendered":"Aviso Legal"},"content":{"rendered":"\t\t<div data-elementor-type=\"wp-page\" data-elementor-id=\"98\" class=\"elementor elementor-98\">\n\t\t\t\t<div class=\"elementor-element elementor-element-6fb08dd1 e-flex e-con-boxed e-con e-parent\" data-id=\"6fb08dd1\" data-element_type=\"container\" data-e-type=\"container\">\n\t\t\t\t\t<div class=\"e-con-inner\">\n\t\t\t\t<div class=\"elementor-element elementor-element-3ceffb7a elementor-widget elementor-widget-text-editor\" data-id=\"3ceffb7a\" data-element_type=\"widget\" data-e-type=\"widget\" data-widget_type=\"text-editor.default\">\n\t\t\t\t<div class=\"elementor-widget-container\">\n\t\t\t\t\t\t\t\t\t\n<h1 class=\"p1\">AVISO LEGAL<\/h1>\n<p>\u00a0<\/p>\n<p class=\"p1\">Gracias por visitar este sitio web.<\/p>\n<p class=\"p1\">Lee detenidamente los T\u00e9rminos y Condiciones que constan en este documento, ya que el uso de este sitio web implica la expresa y plena aceptaci\u00f3n de los mismos, en la versi\u00f3n publicada en el momento en que accedes a todas y cada una de las p\u00e1ginas web localizables bajo el dominio solugal.com y sus respectivos subdominios y subdirectorios. Le recomendamos que vuelva a leer este documento cada vez que acceda al sitio web para comprobar si ha habido cambios en las condiciones de uso y lo abandone si no est\u00e1 de acuerdo con dichos cambios. Si creemos que ciertas modificaciones son importantes, actualizaremos la fecha de \u00ab\u00daltima modificaci\u00f3n\u00bb en la parte superior de esta p\u00e1gina. Toda persona que acceda a este sitio web asume el papel de usuario, comprometi\u00e9ndose a la observancia y cumplimiento riguroso de las disposiciones aqu\u00ed dispuestas, as\u00ed como a cualquier otra disposici\u00f3n legal que fuera de aplicaci\u00f3n.<\/p>\n<p class=\"p1\">LUC\u00cdA IRIBARREN MAC\u00cdAS se reserva el derecho de modificar cualquier tipo de informaci\u00f3n que pudiera aparecer en el sitio web, sin que exista obligaci\u00f3n de preavisar o poner en conocimiento de los usuarios dichas obligaciones, entendi\u00e9ndose como suficiente la publicaci\u00f3n en su sitio web.<\/p>\n<p class=\"p1\"><strong>1- IDENTIFICACION<\/strong><\/p>\n<p class=\"p1\">En cumplimiento con el deber de informaci\u00f3n recogido en art\u00edculo 10 de la Ley 34\/2002, de 11 de julio, de Servicios de la Sociedad de la Informaci\u00f3n y de Comercio Electr\u00f3nico con la legislaci\u00f3n vigente en materia de protecci\u00f3n de datos, en concreto, la Ley org\u00e1nica 3\/2018, de 5 de diciembre, de protecci\u00f3n de datos personales y garant\u00eda de los derechos digitales (LOPDGDD) que hace plenamente efectiva la aplicaci\u00f3n del Reglamento (UE) 2016\/679 del Parlamento Europeo y del Consejo de 27 de abril de 2016 relativo a la protecci\u00f3n de las personas f\u00edsicas en el que respeta al tratamiento de datos personales y a la libre circulaci\u00f3n de estos datos (RGPD), le informamos, a continuaci\u00f3n, nuestros datos identificativo y de contacto:<\/p>\n<p class=\"p1\">Titular de la p\u00e1gina web:<\/p>\n<p class=\"p1\">LUC\u00cdA IRIBARREN MAC\u00cdAS (en adelante LA EMPRESA)<\/p>\n<p class=\"p1\">Nombre Comercial: Cl\u00ednica Iribarren.<\/p>\n<p class=\"p1\">CIF: 32764557E<\/p>\n<p class=\"p1\"><strong>2 \u2013 COMUNICACI\u00d3N<\/strong><\/p>\n<p class=\"p1\">Para contactar con nosotros para cualquier cuesti\u00f3n que haga referencia al contenido de este Aviso Legal, ponemos a su disposici\u00f3n diferentes medios de contacto que detallamos a continuaci\u00f3n:<\/p>\n<p class=\"p1\">Tel\u00e9fono: +34 981 29 88 97<\/p>\n<p class=\"p1\">Correo electr\u00f3nico: luciribarren@gmail.com<\/p>\n<p class=\"p1\">Domicilio Social: C\/ Alcalde Marchesi, 10\/12 &#8211; 2\u00ba Izq. 15006 A Coru\u00f1a<\/p>\n<p class=\"p1\">P\u00e1gina Web: www.clinicairibarren.es<\/p>\n<p class=\"p1\">Todas las notificaciones y comunicaciones facilitadas en este apartado se considerar\u00e1n eficaces, a todos los efectos, cuando se realicen a trav\u00e9s de cualquier medio de los detallados anteriormente.<\/p>\n\t\t\t\t\t\t\t\t<\/div>\n\t\t\t\t<\/div>\n\t\t\t\t\t<\/div>\n\t\t\t\t<\/div>\n\t\t\t\t<\/div>\n\t\t","protected":false},"excerpt":{"rendered":"<p>AVISO LEGAL \u00a0 Gracias por visitar este sitio web. Lee detenidamente los T\u00e9rminos y Condiciones que constan en este documento, ya que el uso de este sitio web implica la expresa y plena aceptaci\u00f3n de los mismos, en la versi\u00f3n publicada en el momento en que accedes a todas y cada una de las p\u00e1ginas [&hellip;]<\/p>\n","protected":false},"author":1,"featured_media":0,"parent":0,"menu_order":0,"comment_status":"closed","ping_status":"closed","template":"elementor_header_footer","meta":{"footnotes":""},"class_list":["post-98","page","type-page","status-publish","hentry"],"yoast_head":"<!-- This site is optimized with the Yoast SEO plugin v27.6 - https:\/\/yoast.com\/product\/yoast-seo-wordpress\/ -->\n<title>Aviso Legal - Cl\u00ednica Dental Luc\u00eda Iribarren<\/title>\n<meta name=\"robots\" content=\"index, follow, max-snippet:-1, max-image-preview:large, max-video-preview:-1\" \/>\n<link rel=\"canonical\" href=\"https:\/\/www.clinicairibarren.es\/index.php\/aviso-legal\/\" \/>\n<meta property=\"og:locale\" content=\"es_ES\" \/>\n<meta property=\"og:type\" content=\"article\" \/>\n<meta property=\"og:title\" content=\"Aviso Legal - Cl\u00ednica Dental Luc\u00eda Iribarren\" \/>\n<meta property=\"og:description\" content=\"AVISO LEGAL \u00a0 Gracias por visitar este sitio web. Lee detenidamente los T\u00e9rminos y Condiciones que constan en este documento, ya que el uso de este sitio web implica la expresa y plena aceptaci\u00f3n de los mismos, en la versi\u00f3n publicada en el momento en que accedes a todas y cada una de las p\u00e1ginas [&hellip;]\" \/>\n<meta property=\"og:url\" content=\"https:\/\/www.clinicairibarren.es\/index.php\/aviso-legal\/\" \/>\n<meta property=\"og:site_name\" content=\"Cl\u00ednica Dental Luc\u00eda Iribarren\" \/>\n<meta property=\"article:modified_time\" content=\"2025-03-26T18:29:26+00:00\" \/>\n<meta property=\"og:image\" content=\"https:\/\/www.clinicairibarren.es\/wp-content\/uploads\/2025\/03\/equipo-clinica-dental-Iribarren-coruna.jpg\" \/>\n\t<meta property=\"og:image:width\" content=\"1200\" \/>\n\t<meta property=\"og:image:height\" content=\"801\" \/>\n\t<meta property=\"og:image:type\" content=\"image\/jpeg\" \/>\n<meta name=\"twitter:card\" content=\"summary_large_image\" \/>\n<meta name=\"twitter:label1\" content=\"Tiempo de lectura\" \/>\n\t<meta name=\"twitter:data1\" content=\"2 minutos\" \/>\n<script type=\"application\/ld+json\" class=\"yoast-schema-graph\">{\"@context\":\"https:\\\/\\\/schema.org\",\"@graph\":[{\"@type\":\"WebPage\",\"@id\":\"https:\\\/\\\/www.clinicairibarren.es\\\/index.php\\\/aviso-legal\\\/\",\"url\":\"https:\\\/\\\/www.clinicairibarren.es\\\/index.php\\\/aviso-legal\\\/\",\"name\":\"Aviso Legal - Cl\u00ednica Dental Luc\u00eda Iribarren\",\"isPartOf\":{\"@id\":\"https:\\\/\\\/www.clinicairibarren.es\\\/#website\"},\"datePublished\":\"2025-03-10T10:41:22+00:00\",\"dateModified\":\"2025-03-26T18:29:26+00:00\",\"breadcrumb\":{\"@id\":\"https:\\\/\\\/www.clinicairibarren.es\\\/index.php\\\/aviso-legal\\\/#breadcrumb\"},\"inLanguage\":\"es\",\"potentialAction\":[{\"@type\":\"ReadAction\",\"target\":[\"https:\\\/\\\/www.clinicairibarren.es\\\/index.php\\\/aviso-legal\\\/\"]}]},{\"@type\":\"BreadcrumbList\",\"@id\":\"https:\\\/\\\/www.clinicairibarren.es\\\/index.php\\\/aviso-legal\\\/#breadcrumb\",\"itemListElement\":[{\"@type\":\"ListItem\",\"position\":1,\"name\":\"Portada\",\"item\":\"https:\\\/\\\/www.clinicairibarren.es\\\/\"},{\"@type\":\"ListItem\",\"position\":2,\"name\":\"Aviso Legal\"}]},{\"@type\":\"WebSite\",\"@id\":\"https:\\\/\\\/www.clinicairibarren.es\\\/#website\",\"url\":\"https:\\\/\\\/www.clinicairibarren.es\\\/\",\"name\":\"Cl\u00ednica Dental Luc\u00eda Iribarren\",\"description\":\"Clinica dental Luc\u00eda Iribarren, tu dentista en A Coru\u00f1a\",\"publisher\":{\"@id\":\"https:\\\/\\\/www.clinicairibarren.es\\\/#organization\"},\"alternateName\":\"tu dentista de confianza en Coru\u00f1a\",\"potentialAction\":[{\"@type\":\"SearchAction\",\"target\":{\"@type\":\"EntryPoint\",\"urlTemplate\":\"https:\\\/\\\/www.clinicairibarren.es\\\/?s={search_term_string}\"},\"query-input\":{\"@type\":\"PropertyValueSpecification\",\"valueRequired\":true,\"valueName\":\"search_term_string\"}}],\"inLanguage\":\"es\"},{\"@type\":\"Organization\",\"@id\":\"https:\\\/\\\/www.clinicairibarren.es\\\/#organization\",\"name\":\"Cl\u00ednica Luc\u00eda Iribarren\",\"url\":\"https:\\\/\\\/www.clinicairibarren.es\\\/\",\"logo\":{\"@type\":\"ImageObject\",\"inLanguage\":\"es\",\"@id\":\"https:\\\/\\\/www.clinicairibarren.es\\\/#\\\/schema\\\/logo\\\/image\\\/\",\"url\":\"https:\\\/\\\/www.clinicairibarren.es\\\/wp-content\\\/uploads\\\/2025\\\/03\\\/Clinica-Iribarren-logo-Color-02.jpg\",\"contentUrl\":\"https:\\\/\\\/www.clinicairibarren.es\\\/wp-content\\\/uploads\\\/2025\\\/03\\\/Clinica-Iribarren-logo-Color-02.jpg\",\"width\":2243,\"height\":1415,\"caption\":\"Cl\u00ednica Luc\u00eda Iribarren\"},\"image\":{\"@id\":\"https:\\\/\\\/www.clinicairibarren.es\\\/#\\\/schema\\\/logo\\\/image\\\/\"}}]}<\/script>\n<!-- \/ Yoast SEO plugin. -->","yoast_head_json":{"title":"Aviso Legal - Cl\u00ednica Dental Luc\u00eda Iribarren","robots":{"index":"index","follow":"follow","max-snippet":"max-snippet:-1","max-image-preview":"max-image-preview:large","max-video-preview":"max-video-preview:-1"},"canonical":"https:\/\/www.clinicairibarren.es\/index.php\/aviso-legal\/","og_locale":"es_ES","og_type":"article","og_title":"Aviso Legal - Cl\u00ednica Dental Luc\u00eda Iribarren","og_description":"AVISO LEGAL \u00a0 Gracias por visitar este sitio web. Lee detenidamente los T\u00e9rminos y Condiciones que constan en este documento, ya que el uso de este sitio web implica la expresa y plena aceptaci\u00f3n de los mismos, en la versi\u00f3n publicada en el momento en que accedes a todas y cada una de las p\u00e1ginas [&hellip;]","og_url":"https:\/\/www.clinicairibarren.es\/index.php\/aviso-legal\/","og_site_name":"Cl\u00ednica Dental Luc\u00eda Iribarren","article_modified_time":"2025-03-26T18:29:26+00:00","og_image":[{"width":1200,"height":801,"url":"https:\/\/www.clinicairibarren.es\/wp-content\/uploads\/2025\/03\/equipo-clinica-dental-Iribarren-coruna.jpg","type":"image\/jpeg"}],"twitter_card":"summary_large_image","twitter_misc":{"Tiempo de lectura":"2 minutos"},"schema":{"@context":"https:\/\/schema.org","@graph":[{"@type":"WebPage","@id":"https:\/\/www.clinicairibarren.es\/index.php\/aviso-legal\/","url":"https:\/\/www.clinicairibarren.es\/index.php\/aviso-legal\/","name":"Aviso Legal - Cl\u00ednica Dental Luc\u00eda Iribarren","isPartOf":{"@id":"https:\/\/www.clinicairibarren.es\/#website"},"datePublished":"2025-03-10T10:41:22+00:00","dateModified":"2025-03-26T18:29:26+00:00","breadcrumb":{"@id":"https:\/\/www.clinicairibarren.es\/index.php\/aviso-legal\/#breadcrumb"},"inLanguage":"es","potentialAction":[{"@type":"ReadAction","target":["https:\/\/www.clinicairibarren.es\/index.php\/aviso-legal\/"]}]},{"@type":"BreadcrumbList","@id":"https:\/\/www.clinicairibarren.es\/index.php\/aviso-legal\/#breadcrumb","itemListElement":[{"@type":"ListItem","position":1,"name":"Portada","item":"https:\/\/www.clinicairibarren.es\/"},{"@type":"ListItem","position":2,"name":"Aviso Legal"}]},{"@type":"WebSite","@id":"https:\/\/www.clinicairibarren.es\/#website","url":"https:\/\/www.clinicairibarren.es\/","name":"Cl\u00ednica Dental Luc\u00eda Iribarren","description":"Clinica dental Luc\u00eda Iribarren, tu dentista en A Coru\u00f1a","publisher":{"@id":"https:\/\/www.clinicairibarren.es\/#organization"},"alternateName":"tu dentista de confianza en Coru\u00f1a","potentialAction":[{"@type":"SearchAction","target":{"@type":"EntryPoint","urlTemplate":"https:\/\/www.clinicairibarren.es\/?s={search_term_string}"},"query-input":{"@type":"PropertyValueSpecification","valueRequired":true,"valueName":"search_term_string"}}],"inLanguage":"es"},{"@type":"Organization","@id":"https:\/\/www.clinicairibarren.es\/#organization","name":"Cl\u00ednica Luc\u00eda Iribarren","url":"https:\/\/www.clinicairibarren.es\/","logo":{"@type":"ImageObject","inLanguage":"es","@id":"https:\/\/www.clinicairibarren.es\/#\/schema\/logo\/image\/","url":"https:\/\/www.clinicairibarren.es\/wp-content\/uploads\/2025\/03\/Clinica-Iribarren-logo-Color-02.jpg","contentUrl":"https:\/\/www.clinicairibarren.es\/wp-content\/uploads\/2025\/03\/Clinica-Iribarren-logo-Color-02.jpg","width":2243,"height":1415,"caption":"Cl\u00ednica Luc\u00eda Iribarren"},"image":{"@id":"https:\/\/www.clinicairibarren.es\/#\/schema\/logo\/image\/"}}]}},"_links":{"self":[{"href":"https:\/\/www.clinicairibarren.es\/index.php\/wp-json\/wp\/v2\/pages\/98","targetHints":{"allow":["GET"]}}],"collection":[{"href":"https:\/\/www.clinicairibarren.es\/index.php\/wp-json\/wp\/v2\/pages"}],"about":[{"href":"https:\/\/www.clinicairibarren.es\/index.php\/wp-json\/wp\/v2\/types\/page"}],"author":[{"embeddable":true,"href":"https:\/\/www.clinicairibarren.es\/index.php\/wp-json\/wp\/v2\/users\/1"}],"replies":[{"embeddable":true,"href":"https:\/\/www.clinicairibarren.es\/index.php\/wp-json\/wp\/v2\/comments?post=98"}],"version-history":[{"count":13,"href":"https:\/\/www.clinicairibarren.es\/index.php\/wp-json\/wp\/v2\/pages\/98\/revisions"}],"predecessor-version":[{"id":523,"href":"https:\/\/www.clinicairibarren.es\/index.php\/wp-json\/wp\/v2\/pages\/98\/revisions\/523"}],"wp:attachment":[{"href":"https:\/\/www.clinicairibarren.es\/index.php\/wp-json\/wp\/v2\/media?parent=98"}],"curies":[{"name":"wp","href":"https:\/\/api.w.org\/{rel}","templated":true}]}}